{"id":129,"date":"2014-06-02T16:15:19","date_gmt":"2014-06-02T16:15:19","guid":{"rendered":"http:\/\/users2.unimi.it\/smartmatlab\/wordpress\/?page_id=129"},"modified":"2015-04-20T15:25:44","modified_gmt":"2015-04-20T15:25:44","slug":"advisory-board","status":"publish","type":"page","link":"https:\/\/sites.unimi.it\/smartmatlab\/wordpress\/?page_id=129","title":{"rendered":"International Advisory Board"},"content":{"rendered":"<p><strong><a href=\"http:\/\/decola.u-strasbg.fr\/face\/cv\">Professor <\/a><a href=\"http:\/\/decola.u-strasbg.fr\/face\/cv\">LUISA<\/a><a href=\"http:\/\/decola.u-strasbg.fr\/face\/cv\"> DE COLA<\/a><\/strong><\/p>\n<p>Universit\u00e9 de Strasbourg, Institut de Science et d&#8217;Ing\u00e9nierie Supramol\u00e9culaires (ISIS)<\/p>\n<p><a href=\"http:\/\/ichf.edu.pl\/person\/kutner_w.html\"><strong>Professor WLODZIMIERZ KUTNER<\/strong><\/a><\/p>\n<p>Institute of Physical Chemistry of the Polish Academy of Sciences, Warsaw (Poland)<\/p>\n<p><a href=\"http:\/\/www.jh-inst.cas.cz\"><strong>Professor JIRI LUDVIK<\/strong><\/a><\/p>\n<p>J. Heyrovsky Institute of Physical Chemistry, Academy of Sciences of Czech Republic<\/p>\n<p><a href=\"http:\/\/www.springerreference.com\/docs\/biopage\/71314.html\"><strong>Professor BUNSHO OHTANI<\/strong><\/a><\/p>\n<p>Catalysis Research Center, Hokkaido University, Sapporo, Japan<\/p>\n<p><strong><a href=\"http:\/\/users2.unimi.it\/smartmatlab\/wordpress\/wp-content\/uploads\/Serpone-CV-for-SMART-MAT-LAB-April-18-2015.pdf\">Professor NICK SERPONE<\/a><\/strong><\/p>\n<p>Concordia University, Montreal, Canada<\/p>\n<p>Head, Materials Sciences Division and Member of Academic Council, European Academy of Sciences<\/p>\n<p><a href=\"http:\/\/met.usc.edu\/contact\/contact.php\"><strong>Professor MARK THOMPSON<\/strong><\/a><\/p>\n<p>Thompson Research Group, The University of Southern California<\/p>\n<p>&nbsp;<\/p>\n<p>&nbsp;<\/p>\n<p>&nbsp;<\/p>\n","protected":false},"excerpt":{"rendered":"<p>Professor LUISA DE COLA Universit\u00e9 de Strasbourg, Institut de Science et d&#8217;Ing\u00e9nierie Supramol\u00e9culaires (ISIS) Professor WLODZIMIERZ KUTNER Institute of Physical Chemistry of the Polish Academy of Sciences, Warsaw (Poland) Professor JIRI LUDVIK J. Heyrovsky Institute of Physical Chemistry, Academy of&hellip;<\/p>\n<p class=\"more-link-p\"><a class=\"more-link\" href=\"https:\/\/sites.unimi.it\/smartmatlab\/wordpress\/?page_id=129\">Read more &rarr;<\/a><\/p>\n","protected":false},"author":1,"featured_media":0,"parent":0,"menu_order":0,"comment_status":"closed","ping_status":"open","template":"","meta":[],"_links":{"self":[{"href":"https:\/\/sites.unimi.it\/smartmatlab\/wordpress\/index.php?rest_route=\/wp\/v2\/pages\/129"}],"collection":[{"href":"https:\/\/sites.unimi.it\/smartmatlab\/wordpress\/index.php?rest_route=\/wp\/v2\/pages"}],"about":[{"href":"https:\/\/sites.unimi.it\/smartmatlab\/wordpress\/index.php?rest_route=\/wp\/v2\/types\/page"}],"author":[{"embeddable":true,"href":"https:\/\/sites.unimi.it\/smartmatlab\/wordpress\/index.php?rest_route=\/wp\/v2\/users\/1"}],"replies":[{"embeddable":true,"href":"https:\/\/sites.unimi.it\/smartmatlab\/wordpress\/index.php?rest_route=%2Fwp%2Fv2%2Fcomments&post=129"}],"version-history":[{"count":10,"href":"https:\/\/sites.unimi.it\/smartmatlab\/wordpress\/index.php?rest_route=\/wp\/v2\/pages\/129\/revisions"}],"predecessor-version":[{"id":887,"href":"https:\/\/sites.unimi.it\/smartmatlab\/wordpress\/index.php?rest_route=\/wp\/v2\/pages\/129\/revisions\/887"}],"wp:attachment":[{"href":"https:\/\/sites.unimi.it\/smartmatlab\/wordpress\/index.php?rest_route=%2Fwp%2Fv2%2Fmedia&parent=129"}],"curies":[{"name":"wp","href":"https:\/\/api.w.org\/{rel}","templated":true}]}}